actor of 4680 and 104?
104
What is the greatest common divisor of 58 and 203?
29
What is the highest common divisor of 200 and 8600?
200
What is the greatest common factor of 78 and 66?
6
What is the greatest common factor of 16 and 944?
16
Calculate the greatest common factor of 18 and 2922.
6
Calculate the highest common factor of 157 and 2512.
157
Calculate the greatest common factor of 126 and 63.
63
What is the greatest common factor of 112 and 84?
28
Calculate the highest common divisor of 14 and 98.
14
What is the highest common factor of 496 and 14074?
62
What is the highest common divisor of 270 and 255?
15
What is the highest common factor of 29 and 261?
29
Calculate the highest common factor of 10 and 2895.
5
What is the highest common factor of 504 and 18?
18
What is the greatest common factor of 565 and 15?
5
What is the greatest common factor of 60 and 1920?
60
Calculate the highest common factor of 154 and 638.
22
What is the highest common divisor of 7014 and 42?
42
What is the highest common factor of 11780 and 285?
95
What is the highest common divisor of 112 and 1360?
16
Calculate the greatest common divisor of 21900 and 120.
60
Calculate the highest common factor of 308 and 112.
28
Calculate the highest common factor of 2424 and 288.
24
Calculate the highest common factor of 85 and 17.
17
What is the highest common factor of 5 and 155?
5
Calculate the greatest common factor of 250 and 1900.
50
What is the highest common factor of 16 and 3376?
16
What is the greatest common factor of 16 and 8696?
8
What is the highest common factor of 26 and 403?
13
What is the highest common divisor of 255 and 459?
51
What is the highest common factor of 11 and 539?
11
What is the greatest common factor of 56 and 742?
14
Calculate the highest common factor of 18495 and 81.
27
What is the greatest common factor of 40 and 120?
40
What is the greatest common factor of 171 and 1368?
171
What is the highest common divisor of 2 and 151?
1
Calculate the greatest common factor of 87 and 116.
29
Calculate the greatest common factor of 70 and 5530.
70
Calculate the highest common divisor of 21 and 4.
1
Calculate the highest common factor of 398 and 2.
2
Calculate the greatest common factor of 12 and 744.
12
Calculate the greatest common factor of 33792 and 132.
132
What is the highest common divisor of 1173 and 663?
51
Calculate the greatest common factor of 2189 and 4577.
199
Calculate the greatest common factor of 57 and 399.
57
Calculate the greatest common divisor of 672 and 96.
96
What is the greatest common divisor of 72 and 198?
18
What is the highest common factor of 399 and 168?
21
Calculate the greatest common factor of 377 and 58.
29
Calculate the highest common factor of 45 and 55.
5
What is the greatest common factor of 53 and 16642?
53
Calculate the greatest common divisor of 7 and 14.
7
What is the greatest common divisor of 1350 and 600?
150
Calculate the greatest common factor of 38 and 2489.
19
What is the greatest common divisor of 260 and 15340?
260
What is the greatest common factor of 798 and 1463?
133
Calculate the highest common divisor of 348 and 232.
116
Calculate the greatest common divisor of 840 and 5600.
280
What is the greatest common divisor of 721 and 112?
7
Calculate the greatest common factor of 12 and 75.
3
Calculate the highest common divisor of 155 and 10.
5
Calculate the greatest common divisor of 132 and 1782.
66
Calculate the greatest common divisor of 13990 and 10.
10
What is the greatest common divisor of 147 and 4683?
21
Calculate the greatest common divisor of 175 and 385.
35
Calculate the greatest common factor of 19056 and 96.
48
Calculate the highest common divisor of 68 and 4964.
68
What is the greatest common divisor of 14160 and 480?
240
Calculate the greatest common factor of 77 and 7.
7
Calculate the greatest common divisor of 24 and 1984.
8
What is the greatest common divisor of 120722 and 14?
14
What is the highest common factor of 36 and 222?
6
What is the highest common factor of 560 and 30?
10
Calculate the greatest common divisor of 256 and 192.
64
Calculate the greatest common divisor of 2576 and 23.
23
Calculate the greatest common divisor of 27971 and 83.
83
Calculate the greatest common divisor of 392 and 294.
98
Calculate the highest common factor of 59 and 531.
59
What is the highest common divisor of 477 and 36?
9
What is the greatest common divisor of 10 and 10715?
5
Calculate the greatest common divisor of 50 and 810.
10
Calculate the highest common factor of 16720 and 152.
152
What is the highest common factor of 30 and 35?
5
Calculate the greatest common factor of 76 and 10754.
38
What is the greatest common divisor of 111 and 185?
37
What is the greatest common factor of 4 and 11188?
4
What is the highest common factor of 6687 and 9?
9
What is the highest common factor of 316 and 158?
158
Calculate the highest common factor of 32 and 1024.
32
What is the greatest common factor of 116 and 261?
29
What is the greatest common factor of 95 and 1387?
19
Calculate the greatest common divisor of 5568 and 96.
96
Calculate the greatest common factor of 451 and 656.
41
What is the greatest common divisor of 329 and 7?
7
What is the greatest common factor of 210 and 42?
42
What is the greatest common factor of 240 and 48120?
120
What is the highest common divisor of 82 and 28?
2
What is the highest common factor of 765 and 1360?
85
What is the greatest common factor of 744 and 78?
6
What is the highest common divisor of 918 and 54?
54
What is the highest common factor of 3 and 3504?
3
What is the highest common divisor of 29 and 1?
1
What is the greatest common factor of 182 and 105?
7
Calculate the greatest common divisor of 59 and 1475.
59
What is the highest common factor of 34 and 37502?
34
Calculate the greatest common factor of 36 and 4500.
36
Calculate the greatest common divisor of 372 and 108.
12
Calculate the greatest common divisor of 348 and 8.
4
Calculate the highest common divisor of 22 and 891.
11
Calculate the highest common factor of 5 and 4915.
5
What is the greatest common divisor of 40 and 160?
40
Calculate the greatest common divisor of 180 and 3300.
60
What is the highest common divisor of 7 and 763?
7
What is the highest common factor of 459 and 2601?
153
What is the highest common divisor of 80 and 180?
20
Calculate the highest common divisor of 18 and 22.
2
What is the highest common divisor of 672 and 42?
42
Calculate the greatest common factor of 32 and 3312.
16
What is the highest common divisor of 147 and 21?
21
Calculate the greatest common factor of 438 and 18.
6
Calculate the highest common divisor of 2 and 4.
2
Calculate the highest common divisor of 1836 and 510.
102
What is the highest common divisor of 60 and 36?
12
What is the greatest common factor of 618 and 36?
6
Calculate the highest common divisor of 20 and 68.
4
Calculate the greatest common factor of 20 and 60.
20
What is the highest common factor of 25 and 11425?
25
What is the greatest common divisor of 3417 and 51?
51
What is the highest common divisor of 15 and 235?
5
What is the greatest common divisor of 4960 and 155?
155
What is the highest common factor of 180 and 990?
90
Calculate the greatest common divisor of 18 and 1998.
18
What is the highest common factor of 3855 and 15?
15
Calculate the greatest common divisor of 8 and 424.
8
What is the highest common divisor of 7 and 23?
1
What is the greatest common divisor of 1728 and 27?
27
Calculate the greatest common factor of 420 and 63.
21
What is the greatest common divisor of 23 and 2369?
23
Calculate the greatest common factor of 4245 and 45.
15
What is the greatest common divisor of 890 and 10?
10
Calculate the greatest common divisor of 17 and 1921.
17
What is the greatest common divisor of 66 and 726?
66
What is the highest common factor of 12145 and 175?
35
What is the highest common factor of 136 and 24?
8
What is the greatest common factor of 132 and 35508?
132
Calculate the greatest common divisor of 689 and 53.
53
What is the greatest common factor of 107943 and 11?
11
Calculate the greatest common divisor of 1760 and 55.
55
What is the greatest common divisor of 4326 and 126?
42
What is the greatest common factor of 351 and